hat are the prime factors of 43850967?
3, 3361, 4349
What are the prime factors of 477182745?
3, 5, 13, 30211
List the prime factors of 386699194.
2, 7, 27621371
List the prime factors of 4139933559.
3, 2441, 565333
List the prime factors of 5258165110.
2, 5, 11, 17, 107, 2389
What are the prime factors of 169699944?
2, 3, 19, 372149
What are the prime factors of 3913108?
2, 978277
List the prime factors of 2452297489.
8423, 291143
What are the prime factors of 784738469?
784738469
List the prime factors of 251284066.
2, 11, 199, 57397
List the prime factors of 23274934.
2, 11637467
What are the prime factors of 307834519?
41, 1511, 4969
What are the prime factors of 717201380?
2, 5, 7, 5122867
What are the prime factors of 30452816?
2, 1903301
What are the prime factors of 102509132?
2, 11, 89, 26177
What are the prime factors of 169784584?
2, 21223073
What are the prime factors of 78585333?
3, 953, 27487
List the prime factors of 346172826.
2, 3, 29, 1989499
What are the prime factors of 150903127?
150903127
List the prime factors of 828831400.
2, 5, 41, 61, 1657
What are the prime factors of 3719422735?
5, 7, 5171, 20551
List the prime factors of 103744323.
3, 11527147
What are the prime factors of 767489890?
2, 5, 37, 139, 14923
What are the prime factors of 960995142?
2, 3, 17, 3140507
What are the prime factors of 41132314?
2, 1619, 12703
List the prime factors of 67165623.
3, 7, 17, 31
What are the prime factors of 30536659?
4373, 6983
What are the prime factors of 61162223?
67, 912869
List the prime factors of 15844592.
2, 990287
What are the prime factors of 33602943?
3, 11, 1018271
List the prime factors of 6351409316.
2, 7, 226836047
What are the prime factors of 90971201?
179, 479, 1061
List the prime factors of 294103653.
3, 98034551
What are the prime factors of 362420172?
2, 3, 523, 19249
What are the prime factors of 871210435?
5, 41, 4249807
What are the prime factors of 2113562129?
7, 47, 79, 11617
List the prime factors of 370368645.
3, 5, 233, 105971
What are the prime factors of 1098729208?
2, 37, 89, 179, 233
List the prime factors of 354514480.
2, 5, 59, 75109
What are the prime factors of 134401692?
2, 3, 1409, 7949
What are the prime factors of 37704569?
7, 19, 40499
List the prime factors of 3435514666.
2, 17, 5943797
List the prime factors of 348546189.
3, 17, 1783, 3833
List the prime factors of 2361304820.
2, 5, 7, 193, 281, 311
What are the prime factors of 4486735858?
2, 11, 203942539
List the prime factors of 9394737.
3, 11, 284689
What are the prime factors of 7901342?
2, 31, 4111
List the prime factors of 162545036.
2, 40636259
What are the prime factors of 863233761?
3, 13, 22134199
What are the prime factors of 99096440?
2, 5, 2477411
What are the prime factors of 384930393?
3, 6101, 21031
List the prime factors of 1287950495.
5, 13, 19814623
List the prime factors of 2948656319.
7, 6971, 60427
List the prime factors of 1203888680.
2, 5, 61, 493397
What are the prime factors of 181407976?
2, 53, 427849
What are the prime factors of 5077269?
3, 47, 4001
What are the prime factors of 232555467?
3, 53, 1462613
What are the prime factors of 457349173?
83, 1097, 5023
What are the prime factors of 1083235412?
2, 7, 53, 729943
List the prime factors of 198003345.
3, 5, 13200223
List the prime factors of 1443459378.
2, 3, 241, 998243
List the prime factors of 36312259.
36312259
List the prime factors of 105936429.
3, 35312143
What are the prime factors of 53084541?
3, 17694847
What are the prime factors of 6481221350?
2, 5, 2713, 47779
List the prime factors of 276637723.
47, 5885909
What are the prime factors of 29921895?
3, 5, 659, 1009
List the prime factors of 127543107.
3, 37, 1149037
What are the prime factors of 562021353?
3, 23, 2715079
List the prime factors of 804077439.
3, 11, 1361, 17903
What are the prime factors of 301227061?
419, 718919
What are the prime factors of 773734338?
2, 3, 13, 3306557
What are the prime factors of 1777523519?
17, 104560207
List the prime factors of 182740212.
2, 3, 564013
What are the prime factors of 60864929?
151, 403079
List the prime factors of 1020039456.
2, 3, 83, 313, 409
List the prime factors of 881895001.
13, 67838077
What are the prime factors of 525002163?
3, 7, 23, 79, 13759
What are the prime factors of 50816816?
2, 29, 109519
What are the prime factors of 151752602?
2, 59, 1286039
What are the prime factors of 2685110?
2, 5, 29, 47, 197
What are the prime factors of 321302346?
2, 3, 17, 73, 43151
What are the prime factors of 148560877?
148560877
What are the prime factors of 29676523?
1447, 20509
What are the prime factors of 1200772737?
3, 769, 173497
What are the prime factors of 48561880?
2, 5, 1214047
What are the prime factors of 53890339?
3511, 15349
What are the prime factors of 23001594?
2, 3, 7, 11, 49787
What are the prime factors of 4068013512?
2, 3, 29, 509, 11483
What are the prime factors of 1315845656?
2, 164480707
What are the prime factors of 7351630699?
7, 1050232957
List the prime factors of 695156128.
2, 757, 28697
List the prime factors of 1573090209.
3, 10427, 16763
List the prime factors of 1763332295.
5, 352666459
What are the prime factors of 983701300?
2, 5, 31, 317323
What are the prime factors of 287548140?
2, 3, 5, 11, 435679
What are the prime factors of 40767172?
2, 1013, 10061
List the prime factors of 30842233.
17, 239, 7591
What are the prime factors of 913558869?
3, 17, 67, 89119
List the prime factors of 1128262883.
11, 19, 661, 8167
What are the prime factors of 3542316?
2, 3, 163, 1811
List the prime factors of 16033174.
2, 8016587
What are the prime factors of 1573485178?
2, 786742589
What are the prime factors of 1053519914?
2, 526759957
What are the prime factors of 92131332?
2, 3, 37, 59, 3517
What are the prime factors of 3386716109?
7, 483816587
What are the prime factors of 11385763?
97, 107, 1097
What are the prime factors of 29917869?
3, 9972623
List the prime factors of 3116154.
2, 3, 519359
What are the prime factors of 3479633572?
2, 3167, 274679
List the prime factors of 608756657.
16273, 37409
List the prime factors of 250027041.
3, 11, 17, 103, 4327
What are the prime factors of 147364093?
83, 1775471
What are the prime factors of 96273306?
2, 3, 1782839
List the prime factors of 1848191238.
2, 3, 2663, 38557
List the prime factors of 36709012.
2, 23, 29, 13759
What are the prime factors of 1867682366?
2, 11, 137, 619669
What are the prime factors of 1195657123?
20533, 58231
List the prime factors of 32521850.
2, 5, 17, 38261
What are the prime factors of 43658374?
2, 21829187
List the prime factors of 135464848.
2, 23, 368111
What are the prime factors of 119012936?
2, 7, 89, 23879
What are the prime factors of 143032869?
3, 7, 223, 10181
What are the prime factors of 5840432995?
5, 1168086599
List the prime factors of 1928176868.
2, 10709, 45013
What are the prime factors of 2294972430?
2, 3, 5, 23, 3326047
List the prime factors of 86640604.
2, 21660151
What are the prime factors of 22493935?
5, 4498787
List the prime factors of 68029301.
59, 97, 11887
What are the prime factors of 1166273232?
2, 3, 24297359
List the prime factors of 1861560506.
2, 13, 71598481
What are the prime factors of 635028092?
2, 47, 59, 57251
What are the prime factors of 2095497544?
2, 7, 29, 184333
List the prime factors of 151688071.
2777, 54623
What are the prime factors of 1271708992?
2, 19870453
What are the prime factors of 193582313?
193582313
What are the prime factors of 179651430?
2, 3, 5, 7, 285161
List the prime factors of 1294360971.
3, 431453657
What are the prime factors of 114288350?
2, 5, 11, 207797
List the prime factors of 21156109.
13, 17, 29, 3301
What are the prime factors of 153831492?
2, 3, 4273097
What are the prime factors of 2059628031?
3, 47, 4869097
List the prime factors of 43662146.
2, 11, 37, 53639
What are the prime factors of 105267146?
2, 37, 131, 10859
What are the prime factors of 9194419158?
2, 3, 229, 1051, 6367
List the prime factors of 221241698.
2, 1493, 74093
List the prime factors of 22584203.
22584203
What are the prime factors of 596962804?
2, 2083, 71647
What are the prime factors of 120654156?
2, 3, 7, 359, 4001
What are the prime factors of 1184303098?
2, 11, 19, 149119
What